(-4)) - -2. Suppose 0*y + y - 3 = u. Let a(f) = -2*f + 3. Let d(p) = p - 2. Let v(b) = 3*a(b) + 5*d(b). Determine v(y).
-4
Let w(g) = g**2 + 5*g + 4. Let b = 18 - 21. Give w(b).
-2
Suppose 10 = 2*u - n, -2*u + 2*n = u - 17. Let t(x) = x**3 - 3*x**2 - 2*x - 3. Calculate t(u).
-9
Suppose -4*s + 4 = 8. Let h(f) = -9*f**2 - 6*f - 6. Let g(w) = -8*w**2 - 5*w. Let m(k) = -1. Let j(p) = -g(p) - 5*m(p). Let v(b) = 4*h(b) + 5*j(b). Give v(s).
4
Suppose 4*a - 20 = -5*n, 5*n - 14 = -5*a + 6. Let m be ((2 - 2)/(-2))/2. Let i(w) = n*w**2 - 2*w**3 + m*w**3 + 3*w**3 + 3 + w. What is i(-4)?
-1
Let v(l) be the third derivative of 1/2*l**3 + 4*l**2 - 1/12*l**4 + 0*l + 0. Let p be (-18)/(-4) - (-2)/(-4). Give v(p).
-5
Suppose 2*c - 36 = -4*j, 0 = -j - 3*j + 3*c + 16. Let w(x) = j*x**2 - x**3 + x - 2*x + 3 - 5*x. Calculate w(6).
3
Let r(d) = d**3 + 7*d**2 + 6*d - 3. Let n(k) = k**3 - 9*k**2 - 11*k + 13. Let z be n(10). Suppose -5*i - v - 27 = 0, -3*i = -2*i + z*v - 3. What is r(i)?
-3
Let v(n) = -2*n**2 - n**2 - n**3 - 3*n + 2*n + 2*n**2. Let p be 0/(1/(-1) + 2). Calculate v(p).
0
Let g be (-2)/1 - (-2)/(-2). Let r(j) = 2*j**3 - 3*j**2 + 2*j - 2. Let f(q) = 5*q**3 - 6*q**2 + 5*q - 4. Let v(w) = -3*f(w) + 7*r(w). Calculate v(g).
1
Suppose -4*h = 5*r - 7, 4*h - 2*h + r = -1. Let f(c) = 2*c + 3. Determine f(h).
-1
Let g(i) be the second derivative of i**4/12 + i**3/3 + i**2/2 - 17*i. Suppose 28 = -4*k - 0*k. Let t = 4 + k. Determine g(t).
4
Let y(c) = -c**2 - 3*c + 5. Let i(r) = r + 1. Let z be i(-6). Determine y(z).
-5
Let s(y) be the third derivative of -y**5/60 + 5*y**4/24 + 3*y**3/2 + 8*y**2. What is s(7)?
-5
Let m(l) = l**2 - 8*l + 9. Let b be m(7). Let g(r) = 0*r**3 - r**3 + 2*r**3 - 1 - r**2. Calculate g(b).
3
Let n(p) be the third derivative of p**5/60 + p**4/8 - p**3/3 + p**2. Let u be n(-2). Let v(r) = -r**3 - 5*r**2 - 6*r - 4. What is v(u)?
4
Let w be 0 - (2 + -1 + -6). Let h(k) be the first derivative of 0*k**2 - 2*k + 1 - 5/3*k**3 + 1/4*k**4. Give h(w).
-2
Let z(m) be the first derivative of -7*m**4/2 + m**2/2 + 17. Determine z(1).
-13
Let d = -15 - -17. Suppose -h = -4*k + d*h - 28, -3*k = -2*h + 20. Let z(m) = -3*m - 4. Give z(k).
8
Let z be 4 + (2/1 - 2). Let j(t) = -z + t - 2 + 3. Let n(w) = -w**3 - 5*w**2 - 5. Let g be n(-5). Calculate j(g).
-8
Let u(r) = 3*r**3 - 10*r**2 - 12*r + 8. Let y(c) = 2*c**3 - 10*c**2 - 11*c + 7. Let t(w) = 3*u(w) - 4*y(w). What is t(-9)?
5
Let z(i) be the third derivative of -i**4/24 + 2*i**3/3 + i**2. Let h(q) = -q**3 + 13*q**2 + 14*q + 6. Let o be h(14). What is z(o)?
-2
Let m(o) = -o**2 + 5*o. Let y(t) = -t**2 - 12*t + 4. Suppose a = 3*w - 0*a + 36, -4*a = -3*w - 36. Let u be y(w). Calculate m(u).
4
Suppose 20 = 3*v + 2*v. Let h(b) = -b**3 + 4*b**2 + 0 - v*b - 1 + 10*b. Suppose -i = 2 - 7. Calculate h(i).
4
Let a = -34 - -40. Let y(c) = c - 9. Determine y(a).
-3
Let z(t) = 2*t**2 + 4. Let j(i) = -5*i**2 - 9. Let b(g) = 3*j(g) + 7*z(g). Let l = 13 - 13. Suppose 4*m = -3*c - 1, l = 5*m - 4*m - 4*c - 14. What is b(m)?
-3
Let n(l) = l**2 + 5*l + 4. Let g(f) = f**2 + 9*f - 15. Let j be g(-10). Calculate n(j).
4
Let h(n) = 0 + 0 + 8*n + 3 + n**2. Let a be h(-7). Let w be a/(-18) + (-33)/27. Let b(x) = -7*x**2 + x + 1. Determine b(w).
-7
Let c(q) = 7*q. Let h(m) = -m**3 + 12*m**2 + 14*m - 12. Let x be h(13). Calculate c(x).
7
Let i(m) be the third derivative of -m**4/6 + m**3/6 + 7*m**2. What is i(1)?
-3
Let k(d) = d**3 + 4*d**2 + 2. Suppose 5*q = -6 - 14. What is k(q)?
2
Let a(n) be the first derivative of -2*n**5/15 - n**4/24 + 10*n**3/3 - 5. Let m(y) be the third derivative of a(y). Give m(-1).
15
Let l(z) be the second derivative of -z**3/6 + 5*z**2/2 + 5*z. Calculate l(5).
0
Let y(h) be the third derivative of -h**4/24 - 7*h**3/6 + 2*h**2. Suppose 3*r + 4*p - 19 = 0, -r - 3 + 13 = 5*p. Calculate y(r).
-12
Suppose -4 = -2*j + 6. Let a(n) = -4*n**3 - 4*n**2 - 7*n + 3. Let m(x) = -5*x**3 - 5*x**2 - 8*x + 4. Let r(h) = j*m(h) - 6*a(h). Calculate r(-2).
2
Let d(k) = -4*k + 1 + 0*k**2 + 3*k + k**2. Suppose -32 = -3*f - f. Suppose 2*n + f = -2*n. Determine d(n).
7
Let n be 102/10 - 3/15. Suppose 4*p - 2*x - 20 = -x, n = 2*p + 5*x. Suppose 0 = p*m - 5. Let w(d) = 5*d - 1. Give w(m).
4
Let h(z) = -z + 6. Let q be 18/8*(-40)/(-15). Give h(q).
0
Let y be 6/(-8) + 138/24. Suppose 0 = y*s + 16 - 6. Let c(o) = o**3 + o**2 + o + 2. Calculate c(s).
-4
Suppose -3*p + 0*p + 9 = 3*i, -4*i = -p - 17. Suppose -z = i - 6. Let w(v) = 3 - 1 + v**z - v + 3. Give w(0).
5
Let s = -3 + 5. Suppose 7 = -s*h - q, 0*h - 3 = 3*h - q. Let m(n) = -2 + n + 6 - 3. Calculate m(h).
-1
Let l(x) = x - 2. Let g(u) = 1. Let v(q) = 5*g(q) + l(q). Give v(4).
7
Suppose -4*m = 4, 4*d + d - 28 = 3*m. Let s(y) = -y**3 + 6*y**2 - 7*y + 7. What is s(d)?
-3
Suppose 3*d + 2 = 2*d. Let p(q) be the third derivative of 0 + 1/8*q**4 - 1/60*q**5 - 1/120*q**6 + 0*q - 3*q**2 + 1/2*q**3. Give p(d).
1
Suppose -5*k = -3*m - m + 16, -5*m + 20 = -k. Let a(p) = p**2 - 2*p + 5. Determine a(k).
5
Let p(b) be the first derivative of -5/24*b**4 - 1 - 1/15*b**5 + 0*b + b**2 - 7/6*b**3 + 1/120*b**6. Let r(f) be the second derivative of p(f). Give r(5).
-7
Let p(b) = -3*b**3 - 4*b**2 - 2*b. Let a(t) = 7*t**3 + 9*t**2 + 4*t - 1. Let c(s) = -2*a(s) - 5*p(s). Give c(-2).
-2
Let v(f) = 2*f + 6. Suppose 4*h + 15 = 39. Let z = h - 4. Let d(b) = -b - 2. Let x be d(z). Give v(x).
-2
Suppose 0 = 4*f - 2*o - 16, o - 6 + 2 = 0. Let w(j) be the third derivative of j**5/60 - 7*j**4/24 + 7*j**3/6 + 13*j**2. Determine w(f).
1
Let v(n) = n**3 - 7*n**2 + n - 5. Let d be v(7). Let o(b) = -1 + 2*b**2 - b**2 + 47*b + 0*b**2 - 44*b. What is o(d)?
9
Let b(w) = 4*w**3 + w**2 - 5*w - 7. Let c(l) = -5*l**3 - l**2 + 6*l + 8. Let y(d) = 4*b(d) + 3*c(d). Give y(3).
26
Let b(l) = l + 2. Let f(r) = -r**2 + 13*r - 26. Let w be f(11). What is b(w)?
-2
Let y be (-66)/15 - 4/(-10). Let f(x) be the third derivative of -x**5/60 - x**4/24 + x**3/2 + 6*x**2. Give f(y).
-9
Let l = -6 + 9. Suppose -l*b = -6*b. Suppose b = -3*o + 16 - 4. Let g(s) = s**3 - 3*s**2 - 4*s + 5. Determine g(o).
5
Let h = 12 - 8. Let u(q) = q**2 - 4*q + 2. What is u(h)?
2
Let i(n) = -n**2 - n + 1. Let k(f) = -2*f**2 + 4*f. Let t(x) = -3*i(x) + k(x). Let l be t(-7). Let d(j) = j**2 + j + 4. Calculate d(l).
10
Let j(c) = -c + 2. Suppose h - 5*h + 24 = 0. Suppose 0 = -4*g + 2*g + h. Calculate j(g).
-1
Let j(p) be the first derivative of -p**4/4 - 5*p**3/3 + p**2/2 + 5*p + 1. Let c = -12 + 11. Let a = -6 - c. What is j(a)?
0
Let y(f) be the third derivative of f**6/120 + f**5/60 - f**4/24 + f**3/2 + 2*f**2. Suppose -3*v - o = 4*o - 20, -4*v = 3*o - 12. What is y(v)?
3
Let y(p) = 8*p + 2. Suppose 0 = 5*o - o. Let f(l) = o - 2 - 4*l + 1. Let a(q) = -5*f(q) - 3*y(q). What is a(-3)?
11
Let y(l) = -l**3 - l**2 + l - 1. Let u(t) = -2*t. Let b be u(-3). Let x(v) = -7*v**3 - 2*v**2 + 6*v - 9. Let d(m) = b*y(m) - x(m). What is d(4)?
3
Let w be -3 + -1 + 3 + -7. Let d = 4 + w. Let p(m) = -m**3 - 3*m**2 + 2*m + 2. What is p(d)?
10
Let t(m) = -4*m**2 - 8*m + 5. Let l(a) = 3*a**2 + 7*a - 4. Let o(r) = 6*l(r) + 5*t(r). Calculate o(2).
-3
Let d(h) = -h**2 - 2*h + 2. Let p be d(1). Let i(q) = -8*q**3 - 2*q**2 + 1. What is i(p)?
7
Suppose 4*d + 4 + 0 = 0. Let n = 0 + d. Let t(s) = -s**3 + s**2 + s. Calculate t(n).
1
Let m(z) = -z - 2. Let w(t) = t**2 - 5*t - 14. Let v be w(6). Let l be m(v). Let o(s) = -s**3 + 6*s**2 - 7. Give o(l).
-7
Let t = -1 - -1. Let c be 3/((-7)/(-2) + -2). Let o(u) = 1 + 6*u**2 + t - u + c*u. Determine o(-1).
6
Let w(a) be the first derivative of -a**4/4 + 7*a**3/3 - 5*a**2/2 - 2*a + 10. Calculate w(6).
4
Let p(i) be the second derivative of i**3/6 - 3*i**2 - 18*i. What is p(7)?
1
Let a be -3 + (6 - (1 - 2)). Let g(n) = -a*n + 2*n - n - 3 + 8. Determine g(4).
-7
Suppose 1 = -4*z + 13. Let q(l) = 2*l - 3. Let v(y) = 2*y - 1. Let t(k) = -k. Let w(p) = 4*t(p) + 3*v(p). Let d(b) = z*w(b) - 4*q(b). Calculate d(3).
-3
Let f(x) be the first derivative of x**4/4 + x**3 - x**2/2 - 5*x - 76. Let b = -15 - -11. Give f(b).
-17
Suppose -2*w - 4*d + 10 = 0, -d = -8 + 6. Let n(v) = -4 + 3 - v**2 - 2*v**2. Give n(w).
-4
Let x(b) be the third derivative of -b**4/24 - 3*b**2. Suppose t - 5*r = 2*t - 29, 3*t - 5*r + 13 = 0. Give x(t).
-4
Let f(v) = -v**3 - 9*v**2 +